it of (7/2)/(1/h)?
7
Let y be ((-1)/2)/((-1)/10). Suppose -y*i - 6 = -41. What is the units digit of i?
7
Suppose -15 = -0*g - 3*g. Suppose 7*i - g*i - 8 = 0. Suppose -y - i*y - 2*c + 32 = 0, 0 = -5*y + 3*c + 27. What is the units digit of y?
6
Suppose 5*j = -2*t + 4*t + 158, 3*t = -3*j + 78. Suppose -2*g + 36 = g. What is the units digit of j/4 - (-6)/g?
8
Suppose b - 5 = 1. Let c be 5/((-5)/3) - -13. Suppose 5*o - b*o = -c. What is the units digit of o?
0
Let n be (-228)/(-5) + (-3)/5. Suppose 5*z = -4*a + 29, -3*a + 3*z = -z - n. What is the units digit of a?
1
What is the units digit of 3/(-6) - (-6)/4?
1
Let d = 61 + -23. Suppose -d - 21 = -b. What is the units digit of b?
9
Let k = -15 - -11. Let p be 2*(-5)/2 + 2. Let o = p - k. What is the units digit of o?
1
Let t(y) = 2*y + 6. What is the units digit of t(12)?
0
Let a be (-61)/3 - 6/9. Let x = 11 + a. Let n = 23 + x. What is the units digit of n?
3
Let q = 119 + -2. What is the hundreds digit of q?
1
Suppose c - 1240 = -9*c. What is the hundreds digit of c?
1
Let l be (3/(-4))/(4/(-160)). Suppose -l = -5*t - 10. What is the units digit of t?
4
Let c(n) = 4*n - 1. Let a be c(3). Suppose 0 = -r - 9*k + 4*k + a, -4*r = 3*k - 44. What is the units digit of r?
1
Suppose 5*x = -4*o + 11, -x + o + 2*o = -6. What is the units digit of 9/(-27) - (-7)/x?
2
Let b(q) = -q**3 + 6*q**2 + 11*q - 4. What is the tens digit of b(7)?
2
Let x(v) = v**2 + 6*v + 10. Let p be x(-8). What is the tens digit of -6 + p + (1 - -2)?
2
What is the units digit of ((-402)/18)/((-2)/6)?
7
Let p(l) = 9*l**2 + l. Let h(i) = -i**3 + 10*i**2 - i + 9. Let x be h(10). What is the units digit of p(x)?
8
Let w(j) = -j**3 + 11*j**2 + j + 13. Let s(a) = -a**2 + 8*a - 1. Let g be s(6). What is the tens digit of w(g)?
2
Let n(p) = p - 22. Let o be n(16). Let c(y) = -y**3 + 6*y**2 - 4*y + 3. Let r be c(2). Let h = o + r. What is the units digit of h?
5
Suppose 2*o = -3*o + 90. Let z be 0 - (o/1)/2. Let c = z + 16. What is the units digit of c?
7
Suppose 3*q - q + 2*s - 250 = 0, -3*q = -4*s - 354. What is the units digit of q?
2
Let o be -2 + -8 + 1 + -2. Let v = o - -12. What is the units digit of v?
1
Suppose 0 = 2*w - 117 + 13. Suppose 0 = -m + 3*m - w. What is the units digit of m?
6
Let x = 324 + -139. What is the tens digit of x?
8
Suppose 8*c + 2*u + 604 = 10*c, -4*c = -3*u - 1212. What is the tens digit of c?
0
Suppose -121 = -j - 32. What is the units digit of j?
9
Let i(y) = y**3 - 5*y**2 + y + 5. Let w be i(5). Suppose w*q - 7*q - 15 = 0. What is the units digit of q?
5
Suppose 5*j - 13 = 2. Let n(g) = g + 4. Let q be n(-4). Let k = j - q. What is the units digit of k?
3
What is the units digit of (0 - -1*151) + (-30 - -28)?
9
Let d = 141 + -89. What is the units digit of d?
2
Let o = 48 + -14. Let f = o - 21. Let k = 8 + f. What is the tens digit of k?
2
Let z(g) = 5*g**3 - 4*g**2 - g - 1. What is the units digit of z(3)?
5
Suppose 45 = 2*g + a, -2*a = g - 4*g + 85. What is the units digit of g?
5
Let h(t) = 6*t - t**2 - 3*t - 1 + 2*t**2 - 2. What is the units digit of h(-4)?
1
Suppose 2 = -k + 7. Suppose -2*z + k*z = 126. What is the units digit of (-2)/(-14) - (-582)/z?
4
Let n be (1/3)/(1/21). Let u(q) = 5*q + 5. Let i(k) = 4*k + 5. Let m(b) = -6*i(b) + 5*u(b). What is the units digit of m(n)?
2
Let u(z) = -7*z - 9. What is the tens digit of u(-6)?
3
Let c be (2/5)/(1/5). Let d(v) = -8*v - 1 + 1 - v**c. What is the units digit of d(-7)?
7
Suppose -2*q + 6 = 2*y, 0 = -q - q - 4. What is the units digit of 552/20 - 3/y?
7
What is the units digit of 2552/16*(3 - 1)?
9
Let t(y) = -12*y - 10. What is the hundreds digit of t(-11)?
1
Suppose b = -2*b + 6. Let t = b + -2. Suppose 0 = -2*m - 2*o - t + 24, -m - 4*o + 12 = 0. What is the units digit of m?
2
Let w(t) = -10*t**3 - 2*t**2 + 2*t - 1. Let d be w(1). What is the units digit of 3/(3 - d/(-4))?
2
Let p = 11 + -36. Let c = 35 + p. What is the tens digit of c?
1
Let d(j) = 160*j + 7. What is the units digit of d(1)?
7
Let d = -18 - -13. Let t = d + 7. Suppose -42 = -j - t*j. What is the units digit of j?
4
Let r be 2/(-2*(-3)/(-273)). Let y be (5 + 0)*(-14)/(-5). What is the units digit of (r/y)/((-1)/2)?
3
Let w be ((-7)/28)/(2/(-16)). Let g be (-6)/w + 6/2. Suppose 3*c - 4 - 5 = g. What is the units digit of c?
3
Let d = 233 - -146. What is the units digit of d?
9
Let v(p) = p**2 + 8*p + 14. Let z be v(-10). Let n = z + -24. What is the tens digit of n?
1
Let h be (-5)/(-20) + (-7)/(-4). Suppose -11 = -h*v + 19. What is the units digit of (v/(-10))/(3/(-8))?
4
Suppose -9 = 4*l - 5*l. Let r(y) = 2*y**2 - 2*y - 3. Let x be r(3). Suppose x = i - l. What is the units digit of i?
8
Let p(u) = u**2 - 2. Let v be p(2). Suppose -2*m = -4*w + 2*m + 20, -m = 5*w - 19. Suppose -w*t = v*g - 0 - 18, -14 = -4*g + 3*t. What is the units digit of g?
5
Let h(q) = -q**3 + 10*q**2 - q + 11. Let a be h(10). Let m(x) = -a + 0*x**2 + 5*x**2 - 2*x - x**2. What is the tens digit of m(2)?
1
Let m(h) = -2*h - 8*h - 10 + 11*h. Let b be m(8). Let a = 13 + b. What is the units digit of a?
1
Let d = -10 + 10. Suppose d = 5*c + 5*x - 170, 3*x + 32 - 2 = c. What is the units digit of c?
3
Let o(y) = 10*y**2 + y - 1. What is the units digit of o(2)?
1
Suppose 0 = -2*g + 1 + 13. Let m = g - 4. Suppose 7 = m*r - 2. What is the units digit of r?
3
Let z = -12 + 20. Suppose 4*n = 2*n + z. Suppose -45 = -n*c - 4*b + 3, -c - 4*b + 24 = 0. What is the units digit of c?
8
Let l(p) = -p**2 - 17*p + 18. What is the tens digit of l(-17)?
1
Suppose z - 7 = -v, 4*v + z + 2*z = 33. Let j = 20 - v. What is the units digit of j?
8
Let h(p) = p - 5. Let y be h(5). Suppose y = -5*x + 4*b + 94, 5*x + 2*b + b - 122 = 0. What is the units digit of x?
2
Suppose -2*c = -5*c + 24. What is the units digit of c?
8
Let m = 2 + 1. What is the tens digit of ((-6)/2)/m - -17?
1
Suppose x - 5*x - 21 = 3*c, x + 5*c = -18. What is the units digit of -1 + -1 + 6 + x?
1
Let n(r) = -r**2 - 6*r + 8. Let v be 32/(-5) + 2/5. What is the units digit of n(v)?
8
Let q(f) = -8*f + 8. Let i be q(-5). Let t = i - 15. What is the units digit of t?
3
Suppose 5*v - 24 = 2*v. Let l(z) = 3*z - 10. Let q be l(v). Let d = -7 + q. What is the units digit of d?
7
Suppose 7*p = 11*p - 344. What is the units digit of p?
6
Let c(b) = b**3 - b**2 - 5. What is the tens digit of c(5)?
9
What is the tens digit of ((-12)/(-30))/(2/650)?
3
Suppose -6 = j - 0*j. Let f = j - -10. What is the units digit of f?
4
Let l = -7 - -22. Suppose 3*v - 2 = 2*b, 5*v = -0*v - 5*b + 45. Suppose 0 = -v*d - d + l. What is the units digit of d?
3
Let a = -4 + 18. Let h = -12 + a. What is the units digit of h?
2
Let o(t) = 2*t**2 - t + 4. Let l(n) = -n**2 + 1. Let j(p) = -6*l(p) + o(p). What is the tens digit of j(-2)?
3
Let y be (-4 - -3) + (2 - -1). Let v(r) = r**3 + 8*r**2 + 7*r + 6. Let m be v(-7). Suppose 0*o - m = -y*o. What is the units digit of o?
3
Let t(w) be the first derivative of w**2 - 4*w - 1/4*w**4 + 0*w**3 - 3. What is the units digit of t(-3)?
7
Let b be 92*-2*(-2)/8. Suppose -3*o + 14 + b = 0. Suppose 2*j = -q - 2*q + 14, 4*q - o = -4*j. What is the units digit of j?
1
Suppose -20 = -5*a, o + 3*o = a + 12. Suppose 0*l + o*l - 80 = 0. What is the tens digit of l?
2
Let w(j) = -j**2 - 4*j. Let d(f) = 2*f**2 + 8*f. Let c(i) = -3*d(i) - 5*w(i). Let q be c(-4). Suppose -x + 7 + 1 = q. What is the units digit of x?
8
Suppose 5*g - 63 = 2*g. Let m = g - 13. What is the units digit of m?
8
Let z(c) = -c**3 - 7*c**2 - 5*c + 8. Let b be z(-6). Let k(t) = 2 + 0 + b*t + 0. What is the units digit of k(2)?
6
Suppose -18 - 62 = -5*p. What is the tens digit of p?
1
What is the units digit of 36/((2/(-4))/(-1))?
2
Let o(r) = r + 8. Let d(j) = j**3 - 5*j**2 - 3*j - 4. Let y be d(6). What is the units digit of o(y)?
2
Suppose -5*i = -23 - 7. Suppose 4*b + 2*r + 20 = i*b, -4*r = 4*b - 32. What is the units digit of b?
9
Let b(o) = -o**3 - 15*o**2 - o - 4. What is the units digit of b(-15)?
1
Let m be 113/4 - 4/16. Suppose 6*w - 2*w = m. What is the units digit of w?
7
Let h(g) = g**2 + g - 1. Let r(y) = y**3 - 13*y**2 - 6*y + 13. Let p(c) = 6*h(c) + r(c). Suppose 3*x - 17 - 4 = 0. What is the units digit of p(x)?
7
Let g be (-262)/8 + 6/8. What is the units digit of 4/(-20) 